 Calculate x(-9).
38
Let l(h) = -h**2 - 12*h - 16. Calculate l(-11).
-5
Let u(p) = -3*p**2 - 92*p - 63. Calculate u(-30).
-3
Let l(d) = -d**2 - 10*d - 14. Give l(-6).
10
Let n(o) = 16*o - 5. Determine n(-4).
-69
Let b(j) = -j**3 + 12*j**2 - 15*j - 6. Determine b(10).
44
Let o(r) = -5*r**3 + 4*r**2 + 2*r. Give o(-1).
7
Let d(z) = -2*z**2 - 15*z - 39. Determine d(-2).
-17
Let b(a) = a**2 - 19*a + 75. Calculate b(7).
-9
Let w(v) = v**3 - v**2 + 2*v + 45. What is w(0)?
45
Let z(m) = -43*m**2 + 2*m - 8. Determine z(2).
-176
Let n(t) = 12*t - 28. What is n(3)?
8
Let r(k) = -k**3 - 7*k**2 + 3*k + 7. Determine r(-5).
-58
Let v(x) = -x**3 + x**2 + 1. What is v(1)?
1
Let z(b) = b**2 - 18*b + 8. Calculate z(18).
8
Let b(f) = -f**3 + 16*f**2 + 17*f + 8. What is b(17)?
8
Let n(r) = r**3 + 3*r**2 - r - 8. What is n(2)?
10
Let i(k) = 32*k + 134. Give i(-4).
6
Let y(m) = 21*m + 27. Give y(-2).
-15
Let q(h) = 4*h**2 + 5*h - 18. Give q(2).
8
Let z(p) = -p - 9. What is z(-9)?
0
Let z(w) = -w**3 - 16*w**2 + 21*w + 46. Give z(-17).
-22
Let a(w) = -w + 5. What is a(-4)?
9
Let w(a) = -a**2 - 6*a - 1. Calculate w(-8).
-17
Let c(v) = v**2 - 13*v + 2. Give c(10).
-28
Let p(c) = c**3 - 6*c**2 - 9*c - 5. Determine p(8).
51
Let k(g) = g**3 - 3*g**2 - 6*g + 15. Calculate k(4).
7
Let g(s) = -s**2 + 32*s - 149. Determine g(28).
-37
Let q(l) = l**3 + 8*l**2 - 14*l - 7. Give q(-9).
38
Let r(v) = v**3 + 15*v**2 - 18*v + 24. Give r(-17).
-248
Let c(l) = -l**3 - 26*l**2 + 56*l + 1. Give c(-28).
1
Let i(h) = 3*h - 46. What is i(-10)?
-76
Let o(g) = -2*g. Calculate o(0).
0
Let n(m) = m**2 + 2. Calculate n(-3).
11
Let r(j) = -j**2 - 16*j + 50. Calculate r(-19).
-7
Let c(i) = i**3 - 14*i**2 + 21*i - 87. Give c(13).
17
Let r(g) = -g**3 - 10*g**2 + 119*g + 1. Give r(7).
1
Let s(m) = 42*m - 165. Give s(4).
3
Let q(f) = f + 3. Calculate q(-11).
-8
Let l(n) = 2*n**3 + 29*n**2 - 17*n - 43. Determine l(-15).
-13
Let r(t) = -t**3 + 8*t**2 - 12*t + 31. Give r(7).
-4
Let y(h) = h**2 + 12*h + 15. Calculate y(-11).
4
Let b(k) = 5*k**2 + 4*k - 1. Give b(-3).
32
Let x(b) = -12*b - 2. Determine x(4).
-50
Let r(v) = -v**2 - 20*v - 20. Calculate r(-19).
-1
Let j(p) = p + 3. Determine j(-7).
-4
Let v(s) = s**2 + s - 3. Determine v(-4).
9
Let r(d) = -d - 27. Calculate r(-22).
-5
Let b(w) = 2*w + 39. Give b(14).
67
Let o(l) = 12*l + 126. What is o(-11)?
-6
Let i(j) = j**2 + 7*j + 4. Calculate i(-7).
4
Let o(g) = 2*g + 4. Give o(-4).
-4
Let j(o) = 2*o + 1. Calculate j(-9).
-17
Let z(c) = -c**2 + 21*c - 17. Determine z(20).
3
Let l(w) = w**2 - 14*w - 6. Calculate l(15).
9
Let v(x) = -x**3 - 3*x**2 + 4*x - 8. Give v(-5).
22
Let p(r) = 6*r - 9. Determine p(5).
21
Let z(y) = -y**2 - y + 2. Calculate z(-4).
-10
Let q(i) = 2*i + 1. Give q(5).
11
Let k(j) = j**3 - 8*j**2 - 8*j - 9. Calculate k(9).
0
Let y(s) = 306*s - 1524. Determine y(5).
6
Let d(u) = 22*u - 86. Give d(4).
2
Let f(g) = -g - 1. Calculate f(-4).
3
Let b(a) = -37*a + 1926. Give b(52).
2
Let z(d) = 13*d - 69. Give z(6).
9
Let d(i) = -2*i**2 + 7*i + 5. Determine d(-3).
-34
Let y(c) = -c**2 + 16*c + 38. Determine y(18).
2
Let b(k) = -12*k - 74. Give b(-7).
10
Let g(r) = -r**2 - 7*r + 14. Determine g(-11).
-30
Let l(r) = -11*r + 35. What is l(3)?
2
Let z(m) = m + 7. Give z(-12).
-5
Let n(t) = t**2 + 39*t + 292. Determine n(-29).
2
Let b(v) = -v**3 + 5*v**2 - 2*v - 3. Give b(5).
-13
Let x(g) = 27*g**3 + 2*g - 1. Give x(1).
28
Let c(a) = -a**2 + 19*a - 16. Calculate c(18).
2
Let f(x) = 4*x**2 + 3*x - 13. What is f(-5)?
72
Let f(u) = -u**2 - 7*u - 8. Calculate f(-5).
2
Let m(c) = -9*c**2 + 52*c + 16. Calculate m(6).
4
Let d(u) = 2*u**2 - 19*u + 85. Give d(6).
43
Let q(d) = -20*d + 154. Calculate q(6).
34
Let k(y) = -y**2 + 9*y + 6. Give k(6).
24
Let n(v) = -v**2 + 5*v. Determine n(-4).
-36
Let g(y) = -2*y**3 - 13*y**2 - 14*y - 4. What is g(-4)?
-28
Let k(f) = -f**3 - 4*f**2 + 7*f + 4. Calculate k(-5).
-6
Let k(x) = -x**3 + 10*x**2 - 9*x - 11. Give k(8).
45
Let i(m) = -2*m - 6. What is i(-6)?
6
Let i(w) = -30*w + 516. What is i(17)?
6
Let f(m) = -4*m**3 - 199*m**2 + 51*m + 54. Calculate f(-50).
4
Let o(z) = 2*z**2 + 11*z - 13. What is o(-6)?
-7
Let v(c) = c**2 - 2*c + 1. Calculate v(7).
36
Let v(b) = -b**3 + 9*b**2 - 7*b + 3. Calculate v(8).
11
Let c(n) = 4*n**2 + 3*n + 4. Calculate c(4).
80
Let g(j) = -9*j**2 + 5*j + 13. Calculate g(-2).
-33
Let f(y) = -y**3 - 2*y**2 - y - 2. Determine f(-2).
0
Let k(p) = 24*p + 46. Calculate k(-1).
22
Let h(u) = -27*u + 9. Give h(0).
9
Let r(a) = -a**2 - 41*a - 193. Give r(-36).
-13
Let x(o) = -o**2 - 6*o - 9. What is x(-6)?
-9
Let o(i) = -6*i - 87. Calculate o(-12).
-15
Let g(o) = -16*o + 832. What is g(52)?
0
Let d(a) = -2*a**2 + 19*a - 33. Calculate d(6).
9
Let g(j) = -j**2 - 40*j + 139. What is g(-43)?
10
Let y(w) = 21*w - 113. Give y(5).
-8
Let f(s) = -s**3 - 23*s**2 - 24*s - 46. Determine f(-22).
-2
Let i(v) = -v**3 - 7*v**2 - 5*v - 4. Give i(-6).
-10
Let t(c) = -c**3 - 8*c**2 - 12*c + 11. Calculate t(-6).
11
Let p(w) = 2*w**2 - 11*w. Calculate p(8).
40
Let m(x) = -x**3 - 8*x**2 - 5. Determine m(-8).
-5
Let z(r) = 5*r - 22. Give z(10).
28
Let c(w) = -w**2 + 8*w - 1. Calculate c(13).
-66
Let h(u) = u**2 - 1. Calculate h(-1).
0
Let r(d) = -13*d**3 + 2*d**2 - 1. Calculate r(1).
-12
Let t(s) = -2*s - 2. What is t(0)?
-2
Let z(r) = r**3 + 4*r**2. Calculate z(-2).
8
Let u(z) = -z**3 + 13*z**2 - 3*z - 16. Determine u(12).
92
Let m(t) = -4*t**2 + 108*t - 16. Determine m(27).
-16
Let h(a) = a**3 - 15*a**2 - 14*a - 6. What is h(16)?
26
Let q(n) = n**3 - 5*n**2 + 2*n + 2. Determine q(3).
-10
Let f(v) = v - 3. What is f(5)?
2
Let d(l) = l**2 - 16*l - 2. Determine d(16).
-2
Let l(m) = 7*m + 40. What is l(-6)?
-2
Let b(p) = -p**2 - 12*p - 4. Calculate b(-8).
28
Let l(o) = o**3 + 11*o**2 - 3*o - 4. Calculate l(-11).
29
Let r(j) = -j - 12. Calculate r(-20).
8
Let x(d) = 2*d**3 + 5*d - 3. Give x(3).
66
Let k(w) = w**3 + 6*w**2 + 3*w + 4. Determine k(-5).
14
Let f(k) = -k**3 - 10*k**2 - k + 11. Calculate f(-10).
21
Let r(j) = 2*j + 58. Determine r(-28).
2
Let k(m) = m**3 + 21*m**2 - m - 27. Determine k(-21).
-6
Let b(v) = v**3 - v + 19. What is b(0)?
19
Let v(y) = 2*y + 13. Determine v(8).
29
Let m(q) = 5*q + 7. Give m(3).
22
Let k(q) = -q**3 - 30*q**2 + 64*q - 16. Calculate k(-32).
-16
Let s(z) = z**2 + 9*z - 2. Calculate s(-11).
20
Let l(j) = 3*j**3 + 25*j**2 + 8*j + 8. Calculate l(-8).
8
Let a(q) = -q + 2. Determine a(3).
-1
Let i(b) = b**3 + 9*b**2 - b - 7. Calculate i(-9).
2
Let s(m) = -2*m**2 - 15*m - 34. Give s(-4).
-6
Let z(y) = -y**2 - 7*y + 8. Give z(1).
0
Let p(g) = g**3 + 8*g**2 + 6*g - 2. Determine p(-7).
5
Let j(d) = -d**2 - 27*d - 48. Calculate j(-25).
2
Let p(u) = u**2 - 28*u + 6. What is p(28)?
6
Let z(a) = -3*a - 26. Determine z(-10).
4
Let o(c) = -36*c + 203. Give o(6).
-13
Let c(p) = -84*p - 1172. What is c(-14)?
4
Let g(c) = -25*c - 1. Calculate g(-1).
24
Let g(q) = q**3 + 5*q**2 - 4*q + 2. Calculate g(-6).
-10
Let j(y) = 30*y - 77. Give j(6).
103
Let a(q) = 4*q + 126. Calculate a(-28).
14
Let z(c) = 2*c**2 + 25*c - 8. Determine z(-12).
-20
Let v(w) = 3*w**2 + 4*w + 3. Calculate v(-2).
7
Let c(l) = l**3 - 12*l**2 + 11*l + 30. Give c(11).
30
Let c(p) = -7*p - 21. Give c(-6).
21
Let i(w) = w**3 + 14*w**2 - 16*w - 20. What is i(-15)?
-5
Let l(r) = -15*r**3 - r**2 + 3*r - 2. Give l(1).
-15
Let a(h) = -h**3 - 4*h**2 - 5*h - 3. Determine a(-4).
17
Let n(p) = -7*p - 49. Give n(5).
-84
Let z(c) = -11*c - 5. Give z(-8).
83
Let i(o) = o**3 + 4*o**2 + 4*o + 1. Give i(-3).
-2
Let o(w) = -17*w**2 + 4*w - 8. What is o(2)?
-68
Let q(t) = -28*t + 89. Give q(3).
5
Let x(l) = -l**2 + 6*l + 3. Determine x(11).
-52
Let d(v) = 4*v - 21. Calculate d(7).
7
Let c(q) = -q**3 - 5*q**2 - 2*q + 1. Determine c(-4).
-7
Let t(p) = -p**2 - 5*p + 6. Give t(-6).
0
Let b(y) = -y**3 - 30*y**2 - 29*y + 28. Give b(-29).
28
Let z(g) = -g**2 - g + 6. Calculate z(5).
-24
Let f(o) = -o**3 + 19*o**2 - 26. What is f(19)?
-26
Let l(t) = -t**3 - 8*t**2 + 3*t - 6. Give l(-8).
-30
Let z(a) = -2*a - 3. What is z(-17)?
31
Let a(s) = -s**2 + 3*s + 7. Give a(7).
-21
Let c(d) = d - 22. Give c(6).
-16
Let m(k) = 2*k**3 - 30*k**2 - 31*k - 20. Determine m(16).
-4
Let v(o) = 2*o - 11. Calculate v(-6).
-23
Let g(s) = s - 14. Give g(7).
-7
Let f(r) = -3*r + 26. D